f(s). Suppose c = 2*k - k. Calculate the remainder when k is divided by 11.
9
Suppose -3*i + 8 = -271. What is the remainder when i is divided by 32?
29
Let t(y) = 8*y**2 + 4*y. What is the remainder when t(-3) is divided by 9?
6
Suppose 4*n + 4*c + 28 = 0, n - 3 = 5*c + 14. Let q = n - -5. Calculate the remainder when 10 is divided by 3/6*16/q.
2
Let t(o) = o**2 + o - 10. Let p = 9 - -2. What is the remainder when t(6) is divided by p?
10
Calculate the remainder when 35 is divided by 8*(15/2)/5.
11
Suppose 4*c + 3*x = 152, 0*x + 20 = 5*x. Calculate the remainder when 207 is divided by c.
32
Calculate the remainder when 2*(4 - 2) - -130 is divided by 17.
15
Let u(k) = k**2 - 3*k + 4. What is the remainder when 67 is divided by u(5)?
11
Calculate the remainder when 40 is divided by 0*(-2)/(-8) + 21.
19
Let n be (1 + -3)*(-285)/6. Suppose 7*r = 2*r + n. Let j = -78 - -85. Calculate the remainder when r is divided by j.
5
Suppose -t = 4*t - 115. What is the remainder when 42 is divided by t?
19
Let z be -1*1 - (-18)/3. Suppose -z*p = -p. Suppose -v + p*v + 3*u + 28 = 0, -5*u = 10. Calculate the remainder when v is divided by 12.
10
Suppose 4 - 28 = -3*c. What is the remainder when 215 is divided by c?
7
Suppose -5*k - 4*w + w + 40 = 0, 2*k - 42 = 4*w. Calculate the remainder when (32/(-3))/(1/(-3)) is divided by k.
10
Suppose 16*d - 19*d = -18. Calculate the remainder when 11 is divided by d.
5
Suppose 3*c = 4*k - k - 18, k - 14 = -c. Let f = -7 + k. Suppose 0 = -3*a - 10 + 34. What is the remainder when a is divided by f?
2
Let u(x) = 16*x**3 + 1. Let b(k) = k**3 + 5*k**2 + 5*k + 5. Let h be b(-4). Calculate the remainder when 50 is divided by u(h).
16
Suppose -43 = -w + 2*q, 0 = -4*w - q + 2*q + 172. What is the remainder when 171 is divided by w?
42
Suppose -3*s + 352 = 4*t, 188 + 252 = 5*t + 4*s. Calculate the remainder when t is divided by 30.
28
What is the remainder when 1*-2*((-615)/(-10))/(-3) is divided by 7?
6
Suppose 4*t + t - 5*h - 40 = 0, 2*t + 4*h = 10. Calculate the remainder when 19 is divided by t.
5
Suppose 4 + 4 = f. Suppose 3*c = 7*c - 12. What is the remainder when (-1)/c + 92/6 is divided by f?
7
Let n = -87 - -160. What is the remainder when n is divided by 21?
10
Let v(w) = -w - 2. Calculate the remainder when 10 is divided by v(-5).
1
Let i = 16 + -10. Suppose 5*n = 5*s + 36 - 6, -n = 5*s - i. Calculate the remainder when 11 is divided by n.
5
Let m(p) = p + 4. Let y be m(-8). Let i be (12/y)/((-1)/1). Suppose -5*s = i*k - 82, -2*k - 4*s + 0*s + 56 = 0. Calculate the remainder when 46 is divided by k.
22
Suppose -5*r = r - 330. Calculate the remainder when r is divided by 29.
26
Let a = -9 + 38. Calculate the remainder when a is divided by 6.
5
Let p be 1/((-213)/72 + 3). Let b be ((-4)/6)/((-4)/18). Suppose p = -b*h + 72. What is the remainder when 31 is divided by h?
15
Suppose -3*m = -2*p - 32, 0*m = -m + p + 10. What is the remainder when 43 is divided by m?
7
Let w(o) = -2*o - 7. Let u be w(-7). Let b = u - 1. Calculate the remainder when 23 is divided by b.
5
Let y(n) = n - 10. Let x be y(12). Suppose -2*u - 5 = -u, -22 = -2*k + x*u. Calculate the remainder when k is divided by 2.
0
Let k be (-124)/(-9) + (-4)/(-18). Let m be (-2)/6 + k/6. Suppose p - 30 = -m*h, -8*h + 3*p + 86 = -3*h. Calculate the remainder when 31 is divided by h.
15
Suppose -4*w + 5*v = -3*w - 139, -4*v - 373 = -3*w. What is the remainder when w is divided by 10?
9
Let g be 0 + (-135)/(-3) - 0. Calculate the remainder when 24 is divided by g/6*6/5.
6
Suppose -5*h - 2*m - 27 + 256 = 0, -4*h + 176 = -2*m. What is the remainder when h is divided by 8/(0 - (-1)/2)?
13
Let x = 3 - -7. Let k(b) = 2*b**2 + 2*b. Let z be k(2). Suppose -c + 3*c = z. Calculate the remainder when x is divided by c.
4
Suppose 6 - 8 = -g. Suppose -g*h + 5 = -5, -2*n - 5*h = -51. Calculate the remainder when 24 is divided by n.
11
Suppose -3*n - 3 = 3*d, 2*d = n - 2*n + 2. Let z be 6/30 + 14/5. Suppose -5 = -5*q + 5*l, 5*q = 2*l - z*l + 11. What is the remainder when d is divided by q?
1
Suppose 0 = j + 4*j - 2*o - 197, -4*j + 5*o + 144 = 0. What is the remainder when j is divided by 6?
5
Suppose -u = -5*u + 24. Let m = u - 8. Calculate the remainder when (-3)/m*14 - -1 is divided by 12.
10
Let u be 2*(-9)/(-3)*1. What is the remainder when 62 is divided by 128/u + 3/(-9)?
20
Suppose y + 4*y - 133 = -2*f, -2*y + 3*f + 38 = 0. Let j = -3 + 10. What is the remainder when y is divided by j?
4
Suppose a = -0*a + 44. Suppose 0 = -5*m + a + 6. Calculate the remainder when 28 is divided by m.
8
Let n(m) = -4*m**2 - 11*m + 5. Let c(s) = 13*s**2 + 32*s - 16. Let l(o) = 2*c(o) + 7*n(o). What is the remainder when l(-6) is divided by 4?
1
Suppose -4*b + 48 = -2*g, 3*g = 3*b - g - 36. What is the remainder when 34 is divided by b?
10
Suppose -2*x = 5*h - 86, 25 + 10 = 2*h + x. What is the remainder when h is divided by 6?
4
Let u(g) = 6*g - 43. What is the remainder when 91 is divided by u(11)?
22
Suppose -3*n + 2*n = -3*l + 21, l - 3*n = 7. What is the remainder when l is divided by -1 + 1 - (-2 - 0)?
1
Calculate the remainder when 90 is divided by (-16)/4 - 0 - -27.
21
Suppose 2*o - 9 - 225 = 0. Suppose -f - o = -4*f. Suppose 2*j - f = -j. What is the remainder when 24 is divided by j?
11
Suppose 0 = 7*b - 4*b - 153. Calculate the remainder when b is divided by 27.
24
Let q = -21 + 44. Calculate the remainder when q is divided by 6.
5
Calculate the remainder when 19 is divided by (-20 - -5)*1/(-3).
4
Let a(n) = -n. Let w be a(4). Let s be -1 - 24 - (w - -6). Let h = s - -52. Calculate the remainder when h is divided by 9.
7
Let m = -4 - -7. Suppose 2*v = 5*v - 4*n - 5, -v - 3 = n. Let r = v + m. Calculate the remainder when r is divided by 1.
0
Let k(a) be the third derivative of -a**4/24 - 4*a**3/3 - a**2. What is the remainder when k(-9) is divided by 1?
0
Suppose 9*a + 6 = 33. Calculate the remainder when a is divided by 2.
1
What is the remainder when 34 is divided by 9/15*(7 + 13)?
10
Calculate the remainder when 30 is divided by 2/(-12) + -6 + 218/12.
6
Suppose 0 = -2*w + 2, -15 - 4 = -3*q + 2*w. Calculate the remainder when 18 is divided by q.
4
Suppose 0*i = 8*i - 128. Let a = -55 + 102. What is the remainder when a is divided by i?
15
Calculate the remainder when -154*((-4)/(-12) - 5/6) is divided by 6.
5
Let a = 67 + -23. Suppose -4*n + 180 = a. Calculate the remainder when n is divided by 18.
16
Suppose 112 = -l + 5*l. Calculate the remainder when (9*16)/4 - 2 is divided by (l/21)/(2/27).
16
Suppose 0 = -4*u - 5 + 1. Calculate the remainder when 41 is divided by 1*(-2 + u + 14).
8
Suppose 0 = -3*f - f + 2*k + 50, -f + 8 = -2*k. Calculate the remainder when 125 is divided by f.
13
Suppose 0 = -5*t - 2*q + 46, -2*t - 3*q = -4*q - 13. Calculate the remainder when 29 is divided by t.
5
Suppose 3*c = q + 8, -c = -4*q - 6*c - 15. What is the remainder when ((-22)/q)/((-10)/(-25)) is divided by 4?
3
Let a be 3/(3/(-18)*-1). Suppose -5*p = -2*h - 128 - a, -4*h = 3*p - 72. What is the remainder when 82 is divided by p?
26
Let p(u) = -5*u + 37. Let i(j) = j - 1. What is the remainder when i(6) is divided by p(7)?
1
Let l = -193 - -270. Calculate the remainder when l is divided by 16.
13
Let i be 1 + -1*1/(-1). Suppose 0 = 3*w - j - 11, i*j = j + 1. Suppose -20 = -5*q, 134 - w = 3*x - 5*q. What is the remainder when x is divided by 26?
24
Let i be 5*(-1)/(-3 + 2). Suppose -i*a = -2*r - 73, -3*r + 20 = a + 2*r. Calculate the remainder when a is divided by 9.
6
Let g(w) = -3*w + 6. Let o be g(-8). Suppose -8 + o = 2*x. What is the remainder when 32 is divided by x?
10
Suppose 3*b = -0*b + 60. Let s be (-2)/(-4)*0/(-5). Suppose s*d + 55 = 5*d. Calculate the remainder when b is divided by d.
9
Let f = -13 + 38. Calculate the remainder when f is divided by 13.
12
Let k be (-2)/(-2)*-36 + 2. Let d = -4 - k. Calculate the remainder when d is divided by 11.
8
Let p(g) = 3*g**2 - 5*g - 5. What is the remainder when p(-4) is divided by 16?
15
Let i(j) = 2*j**2 + 15*j + 15. What is the remainder when 15 is divided by i(-7)?
7
Let g(j) = -4*j - 1. Let b be g(5). Let y = 16 - b. Let h = y - 26. Calculate the remainder when h is divided by 6.
5
Let i = 3 + 5. Calculate the remainder when 37 is